{"id":163,"date":"2020-07-30T12:19:03","date_gmt":"2020-07-30T12:19:03","guid":{"rendered":"http:\/\/dshop.ehades.eu\/product\/import-placeholder-for-73\/"},"modified":"2020-12-15T17:10:00","modified_gmt":"2020-12-15T17:10:00","slug":"duo-seal-8-mm","status":"publish","type":"product","link":"https:\/\/immersafe.sk\/shop\/produkt\/bezpecnostne-plomby\/plastove-plomby\/duo-seal-8-mm\/","title":{"rendered":"Duo Seal 8 mm"},"content":{"rendered":"<div id=\"box_description\" class=\"box tab\">\n<div class=\"innerbox\">\n<div class=\"resetcss\">\n<div id=\"box_description\" class=\"box tab\">\n<div class=\"innerbox\">\n<div class=\"resetcss\">\n<p>Plomba DUO pon\u00faka ve\u013emi jedine\u010dn\u00e9 dvojit\u00e9 zabezpe\u010denie a to v\u010faka mechanizmu dvojit\u00e9ho plombovania. Je ur\u010den\u00e1 na na zaistenie vriec. Je nemo\u017en\u00e9 ju otvori\u0165 bez zanechania st\u00f4p. \u013dahk\u00e1 manu\u00e1lna aplik\u00e1cia, \u0161peci\u00e1lne hroty zabra\u0148uj\u00face stiahnutiu z vreca, \u0161t\u00edtok, ve\u013ek\u00fd panel s jedine\u010dn\u00fdm s\u00e9riov\u00fdm \u010d\u00edslom.<\/p>\n<\/div>\n<\/div>\n<\/div>\n<div id=\"box_productdata\" class=\"box tab\"><\/div>\n<\/div>\n<\/div>\n<\/div>\n<div id=\"box_productdata\" class=\"box tab\"><\/div>\n","protected":false},"excerpt":{"rendered":"<p>Zatl\u00e1\u010dacia plomba<\/p>\n","protected":false},"featured_media":1219,"template":"","meta":{"_acf_changed":false},"product_brand":[],"product_cat":[33,103,69],"product_tag":[],"class_list":{"0":"post-163","1":"product","2":"type-product","3":"status-publish","4":"has-post-thumbnail","6":"product_cat-bezpecnostne-plomby","7":"product_cat-plomby-zatlacacie","8":"product_cat-plastove-plomby","10":"first","11":"instock","12":"taxable","13":"shipping-taxable","14":"purchasable","15":"product-type-variable","16":"has-default-attributes"},"acf":[],"jetpack_sharing_enabled":true,"_links":{"self":[{"href":"https:\/\/immersafe.sk\/shop\/wp-json\/wp\/v2\/product\/163","targetHints":{"allow":["GET"]}}],"collection":[{"href":"https:\/\/immersafe.sk\/shop\/wp-json\/wp\/v2\/product"}],"about":[{"href":"https:\/\/immersafe.sk\/shop\/wp-json\/wp\/v2\/types\/product"}],"wp:featuredmedia":[{"embeddable":true,"href":"https:\/\/immersafe.sk\/shop\/wp-json\/wp\/v2\/media\/1219"}],"wp:attachment":[{"href":"https:\/\/immersafe.sk\/shop\/wp-json\/wp\/v2\/media?parent=163"}],"wp:term":[{"taxonomy":"product_brand","embeddable":true,"href":"https:\/\/immersafe.sk\/shop\/wp-json\/wp\/v2\/product_brand?post=163"},{"taxonomy":"product_cat","embeddable":true,"href":"https:\/\/immersafe.sk\/shop\/wp-json\/wp\/v2\/product_cat?post=163"},{"taxonomy":"product_tag","embeddable":true,"href":"https:\/\/immersafe.sk\/shop\/wp-json\/wp\/v2\/product_tag?post=163"}],"curies":[{"name":"wp","href":"https:\/\/api.w.org\/{rel}","templated":true}]}}