{"id":171,"date":"2020-07-30T12:19:03","date_gmt":"2020-07-30T12:19:03","guid":{"rendered":"http:\/\/dshop.ehades.eu\/product\/import-placeholder-for-83\/"},"modified":"2020-12-30T13:57:41","modified_gmt":"2020-12-30T13:57:41","slug":"bag-seal-300","status":"publish","type":"product","link":"https:\/\/immersafe.sk\/shop\/produkt\/bezpecnostne-plomby\/plastove-plomby\/bag-seal-300\/","title":{"rendered":"Bag Seal 300"},"content":{"rendered":"<div id=\"box_description\" class=\"box tab\">\n<div class=\"boxhead\">\n<p>Remienkov\u00e1 plastov\u00e1 plomba, ktor\u00e1 sa pou\u017e\u00edva na zabezpe\u010denie vriec. BAG SEAL je vybaven\u00e1 hrotmi na remienku, ktor\u00e9 sa po utiahnut\u00ed vtla\u010dia do tkaniny a zabr\u00e1nia sk\u013aznutiu plomby z vaku. V plombovacej komore je umiestnen\u00e1 kovov\u00e1 vlo\u017eka, ktor\u00e1 zabra\u0148uje neopr\u00e1vnenej manipul\u00e1cii a zais\u0165uje vysok\u00fa \u00farove\u0148 bezpe\u010dnosti. \u0160t\u00edtok umo\u017e\u0148uje tla\u010di\u0165 \u010d\u00edslovanie, logotyp a \u010diarov\u00fd k\u00f3d.<\/p>\n<p>V\u017edy odpor\u00fa\u010dame prisp\u00f4sobenie plomby, aby sa zn\u00ed\u017eilo riziko v\u00fdmeny plomby a t\u00fdm sa zv\u00fd\u0161ila \u00farove\u0148 jej bezpe\u010dnosti<\/p>\n<p>Plomba sa za\u0165ahuje ru\u010dne, odstra\u0148uje sa pomocou rezn\u00e9ho n\u00e1stroja.<\/p>\n<p>Pou\u017eitie<\/p>\n<ul>\n<li>preprava<\/li>\n<li>sklady<\/li>\n<li>skladovacie kontajnery<\/li>\n<li>vrecia s peniazmi<\/li>\n<li>vreck\u00e1 na doklady<\/li>\n<\/ul>\n<\/div>\n<\/div>\n<div id=\"box_productdata\" class=\"box tab\"><\/div>\n","protected":false},"excerpt":{"rendered":"<p>Zatl\u00e1\u010dacia plomba na vrecia<\/p>\n","protected":false},"featured_media":1367,"template":"","meta":{"_acf_changed":false},"product_brand":[],"product_cat":[33,103,69],"product_tag":[],"class_list":{"0":"post-171","1":"product","2":"type-product","3":"status-publish","4":"has-post-thumbnail","6":"product_cat-bezpecnostne-plomby","7":"product_cat-plomby-zatlacacie","8":"product_cat-plastove-plomby","10":"first","11":"instock","12":"taxable","13":"shipping-taxable","14":"purchasable","15":"product-type-variable","16":"has-default-attributes"},"acf":[],"jetpack_sharing_enabled":true,"_links":{"self":[{"href":"https:\/\/immersafe.sk\/shop\/wp-json\/wp\/v2\/product\/171","targetHints":{"allow":["GET"]}}],"collection":[{"href":"https:\/\/immersafe.sk\/shop\/wp-json\/wp\/v2\/product"}],"about":[{"href":"https:\/\/immersafe.sk\/shop\/wp-json\/wp\/v2\/types\/product"}],"wp:featuredmedia":[{"embeddable":true,"href":"https:\/\/immersafe.sk\/shop\/wp-json\/wp\/v2\/media\/1367"}],"wp:attachment":[{"href":"https:\/\/immersafe.sk\/shop\/wp-json\/wp\/v2\/media?parent=171"}],"wp:term":[{"taxonomy":"product_brand","embeddable":true,"href":"https:\/\/immersafe.sk\/shop\/wp-json\/wp\/v2\/product_brand?post=171"},{"taxonomy":"product_cat","embeddable":true,"href":"https:\/\/immersafe.sk\/shop\/wp-json\/wp\/v2\/product_cat?post=171"},{"taxonomy":"product_tag","embeddable":true,"href":"https:\/\/immersafe.sk\/shop\/wp-json\/wp\/v2\/product_tag?post=171"}],"curies":[{"name":"wp","href":"https:\/\/api.w.org\/{rel}","templated":true}]}}