{"id":172,"date":"2020-07-30T12:19:03","date_gmt":"2020-07-30T12:19:03","guid":{"rendered":"http:\/\/dshop.ehades.eu\/product\/import-placeholder-for-85\/"},"modified":"2020-12-30T14:58:35","modified_gmt":"2020-12-30T14:58:35","slug":"bar-seal","status":"publish","type":"product","link":"https:\/\/immersafe.sk\/shop\/produkt\/bezpecnostne-plomby\/prepravne-plomby\/bar-seal\/","title":{"rendered":"Bari\u00e9rovo &#8211; plombuj\u00faci p\u00e1s BAR SEAL"},"content":{"rendered":"<div id=\"box_description\" class=\"box tab\">\n<div class=\"innerbox\">\n<div class=\"resetcss\">\n<p>Kontajnerov\u00fd p\u00e1s Bar Seal je ve\u013emi efekt\u00edvna bari\u00e9ra pre z\u00e1sielky vysokej hodnoty. T\u00e1to sada, ktor\u00e1 sa sklad\u00e1 z kovov\u00e9ho p\u00e1su a \u0161peci\u00e1lnej ty\u010dovej plomby, zabra\u0148uje r\u00fdchlemu otvoreniu aj pri be\u017en\u00fdch rezn\u00fdch n\u00e1strojoch. P\u00e1s by mal by\u0165 umiestnen\u00fd na ty\u010diach kontajnera alebo pr\u00edvesu a zaisten\u00fd \u0161peci\u00e1lnou plombou. T\u00e1to sada \u00fa\u010dinne zvy\u0161uje \u00farove\u0148 bezpe\u010dnosti v\u010faka skuto\u010dnosti, \u017ee \u010d\u00edslovanie je rovnak\u00e9 na p\u00e1se a samotnej plombe &#8211; d\u00e1va to istotu \u017ee plomba po\u010das transportu nebola otv\u00e1ran\u00e1. Plombovac\u00ed p\u00e1s sa hod\u00ed na v\u0161etky typy kontajnerov. Zabra\u0148uje r\u00fdchlemu pr\u00edstupu do kontajnera po\u010das prepravy a parkovania.<\/p>\n<p>Plombu je mo\u017en\u00e9 odstr\u00e1ni\u0165 iba pomocou \u0165a\u017ek\u00fdch n\u00e1strojov. Sada plomb kontajnera Bar Seal sp\u013a\u0148a v\u0161etky normy po\u017eadovan\u00e9 coln\u00fdmi \u00faradmi po celom svete a je certifikovan\u00e1 pod\u013ea <strong>ISO \/ PAS 17712: 2013, \u010do z nej rob\u00ed pe\u010da\u0165 vysokej bezpe\u010dnosti (H)<\/strong><\/p>\n<p><strong>Plomba sa zais\u0165uje ru\u010dne.<\/strong><br \/>\n<strong>Odstra\u0148uje sa pomocou n\u00e1strojov. <\/strong><\/p>\n<p>Pou\u017eitie<\/p>\n<ul>\n<li>kontajnery<\/li>\n<li>n\u00e1morn\u00e9 kontajnery<\/li>\n<li>\u017eelezni\u010dn\u00e9 vozne<\/li>\n<li>N\u00e1vesy TIR<\/li>\n<\/ul>\n<\/div>\n<\/div>\n<\/div>\n","protected":false},"excerpt":{"rendered":"<p>Oce\u013eov\u00e1 kontajnerov\u00e1 plomba, najvy\u0161\u0161ia \u00farove\u0148 bezpe\u010dnosti. Je dr\u017eite\u013eom certifik\u00e1tu ISO 17712.<\/p>\n","protected":false},"featured_media":533,"template":"","meta":{"_acf_changed":false},"product_brand":[],"product_cat":[119,33,36,59],"product_tag":[],"class_list":{"0":"post-172","1":"product","2":"type-product","3":"status-publish","4":"has-post-thumbnail","6":"product_cat-feature-product","7":"product_cat-bezpecnostne-plomby","8":"product_cat-prepravne-plomby","9":"product_cat-bezpecnostne-plomby-high-security-seal-h-iso-pass-177122013","11":"first","12":"instock","13":"taxable","14":"shipping-taxable","15":"purchasable","16":"product-type-variable","17":"has-default-attributes"},"acf":[],"jetpack_sharing_enabled":true,"_links":{"self":[{"href":"https:\/\/immersafe.sk\/shop\/wp-json\/wp\/v2\/product\/172","targetHints":{"allow":["GET"]}}],"collection":[{"href":"https:\/\/immersafe.sk\/shop\/wp-json\/wp\/v2\/product"}],"about":[{"href":"https:\/\/immersafe.sk\/shop\/wp-json\/wp\/v2\/types\/product"}],"wp:featuredmedia":[{"embeddable":true,"href":"https:\/\/immersafe.sk\/shop\/wp-json\/wp\/v2\/media\/533"}],"wp:attachment":[{"href":"https:\/\/immersafe.sk\/shop\/wp-json\/wp\/v2\/media?parent=172"}],"wp:term":[{"taxonomy":"product_brand","embeddable":true,"href":"https:\/\/immersafe.sk\/shop\/wp-json\/wp\/v2\/product_brand?post=172"},{"taxonomy":"product_cat","embeddable":true,"href":"https:\/\/immersafe.sk\/shop\/wp-json\/wp\/v2\/product_cat?post=172"},{"taxonomy":"product_tag","embeddable":true,"href":"https:\/\/immersafe.sk\/shop\/wp-json\/wp\/v2\/product_tag?post=172"}],"curies":[{"name":"wp","href":"https:\/\/api.w.org\/{rel}","templated":true}]}}