{"id":82,"date":"2018-11-27T09:58:21","date_gmt":"2018-11-27T09:58:21","guid":{"rendered":"http:\/\/demo.accesspressthemes.com\/store-mart-lite\/?post_type=product&#038;p=82"},"modified":"2020-12-15T17:13:06","modified_gmt":"2020-12-15T17:13:06","slug":"big-flag","status":"publish","type":"product","link":"https:\/\/immersafe.sk\/shop\/produkt\/bezpecnostne-plomby\/plastove-plomby\/big-flag\/","title":{"rendered":"Big Flag"},"content":{"rendered":"<p>Modern\u00e1 zatl\u00e1\u010dacia plomba s ve\u013ekou odolnos\u0165ou vyroben\u00e1 z plastov\u00e9ho materi\u00e1lu. V\u00fdhodou tejto bezpe\u010dnostnej plomby je ve\u013ek\u00fd \u0161t\u00edtok, ktor\u00fd je prisp\u00f4soben\u00fd na tla\u010denie loga, n\u00e1zvu alebo in\u00fdm ozna\u010deniam pod\u013ea potrieb z\u00e1kazn\u00edka.<\/p>\n<p>Plomba Big Flag je odoln\u00e1 proti tepelnej manipul\u00e1cii. Sila potrebn\u00e1 na odstr\u00e1nenie je 30 kg. Hrub\u00fd remienok poskytuje vysok\u00fa pevnos\u0165 v \u0165ahu a prebyto\u010dn\u00fd remienok je mo\u017en\u00e9 previaza\u0165 cez \u0161trbinu. Plombu je mo\u017en\u00e9 odstr\u00e1ni\u0165 i ru\u010dne bez pou\u017eitia n\u00e1strojov.<\/p>\n<p>Trval\u00e9 s\u00e9riov\u00e9 \u010d\u00edslovanie sa na plombu aplikuje pomocou laserov\u00e9ho grav\u00edrovania. \u010ealej je mo\u017en\u00e9 prida\u0165 potla\u010d \u010diarov\u00e9ho k\u00f3du, n\u00e1zvy alebo logo klienta.<\/p>\n<p>Pou\u017eitie<br \/>\n\u2022 Roll Cage &#8211; Klietkov\u00e9 voz\u00edky<br \/>\n\u2022 ve\u013ek\u00e9 po\u0161tov\u00e9 vrecia<br \/>\n\u2022 bankov\u00e9 vreck\u00e1<\/p>\n","protected":false},"excerpt":{"rendered":"<p>Plomba z ve\u013ek\u00fdm \u0161t\u00edtkom<\/p>\n","protected":false},"featured_media":580,"template":"","meta":{"_acf_changed":false},"product_brand":[],"product_cat":[33,103,69],"product_tag":[],"class_list":{"0":"post-82","1":"product","2":"type-product","3":"status-publish","4":"has-post-thumbnail","6":"product_cat-bezpecnostne-plomby","7":"product_cat-plomby-zatlacacie","8":"product_cat-plastove-plomby","10":"first","11":"instock","12":"taxable","13":"shipping-taxable","14":"purchasable","15":"product-type-variable","16":"has-default-attributes"},"acf":[],"jetpack_sharing_enabled":true,"_links":{"self":[{"href":"https:\/\/immersafe.sk\/shop\/wp-json\/wp\/v2\/product\/82","targetHints":{"allow":["GET"]}}],"collection":[{"href":"https:\/\/immersafe.sk\/shop\/wp-json\/wp\/v2\/product"}],"about":[{"href":"https:\/\/immersafe.sk\/shop\/wp-json\/wp\/v2\/types\/product"}],"wp:featuredmedia":[{"embeddable":true,"href":"https:\/\/immersafe.sk\/shop\/wp-json\/wp\/v2\/media\/580"}],"wp:attachment":[{"href":"https:\/\/immersafe.sk\/shop\/wp-json\/wp\/v2\/media?parent=82"}],"wp:term":[{"taxonomy":"product_brand","embeddable":true,"href":"https:\/\/immersafe.sk\/shop\/wp-json\/wp\/v2\/product_brand?post=82"},{"taxonomy":"product_cat","embeddable":true,"href":"https:\/\/immersafe.sk\/shop\/wp-json\/wp\/v2\/product_cat?post=82"},{"taxonomy":"product_tag","embeddable":true,"href":"https:\/\/immersafe.sk\/shop\/wp-json\/wp\/v2\/product_tag?post=82"}],"curies":[{"name":"wp","href":"https:\/\/api.w.org\/{rel}","templated":true}]}}